 - z. Suppose -3*f + g = -40. What is the remainder when 41 is divided by f?
18
Let m = 11941 + -11927. Calculate the remainder when 325 is divided by m.
3
What is the remainder when 10087/917 - (-24 - (1 - 0)) is divided by -1 - -2 - (-17 + -1)?
17
Let h = -2418 + 6610. What is the remainder when h is divided by 5?
2
Suppose 13*a + 17 = q + 14*a, -3*q - 2*a + 48 = 0. What is the remainder when 419 is divided by q?
13
Let f = 3363 - 3358. Calculate the remainder when 889 is divided by f.
4
Let g(s) be the first derivative of s**3/3 + 9*s**2/2 + 20*s + 26. What is the remainder when 23 is divided by g(-7)?
5
Suppose -124*v + 6276 + 6744 = 0. Calculate the remainder when 733 is divided by v.
103
Let o be (14/(-28))/(1/6)*2. What is the remainder when 56 is divided by (20/(-9))/((-6)/(-9))*o?
16
Suppose 0 = 186121*a - 186087*a - 2312. What is the remainder when 36854 is divided by a?
66
Suppose -26*f - 86 = -4*p - 24*f, 13*f - 191 = -4*p. Let c = 8 + -5. What is the remainder when p is divided by c?
1
What is the remainder when 236 - (-24 - -14) - 19 is divided by 2/1 - (-124)/4?
29
Suppose -23*n = -557 - 2939. Calculate the remainder when n is divided by 0 + ((-60)/(-4) - 3).
8
Suppose -349 = -3*n - 4*t, -139*n + 140*n - 5*t - 129 = 0. What is the remainder when 511 is divided by n?
35
Let r be (-1)/(((-44)/(-192))/11). Suppose 7*p - 6*p + 73 = 0. Let a = r - p. Calculate the remainder when a is divided by 9.
7
Let r be (15 + -14)/((-1)/9). Let t(i) = -i**3 - 9*i**2 + i + 14. What is the remainder when 16 is divided by t(r)?
1
Let r(p) = 7*p**2 - 123*p + 434. Calculate the remainder when 703 is divided by r(4).
1
Let f be ((-2)/(-12)*4)/(23/138). Suppose -f*t + 410 = 254. Calculate the remainder when 110 is divided by t.
32
Let d(i) = -i**3 - 9*i**2 - 3*i + 2. Let h be d(-10). Suppose 0*s - 4*s = -h. Calculate the remainder when s is divided by 6.
3
Suppose -21*j + 51*j = 22*j + 145696. What is the remainder when j is divided by 14?
12
Let n(s) = s**3 + 7*s**2 - 23*s + 182. Calculate the remainder when n(7) is divided by 146.
123
Suppose -4*b + 398 = -586. Calculate the remainder when 287 is divided by (b/6 - 5) + 2 + -2.
35
Let u(j) = 402*j - 3597. Calculate the remainder when 1352 is divided by u(9).
8
Let o(r) be the first derivative of -17/3*r**3 - 1/4*r**4 - 21/2*r**2 - 33*r + 14. Calculate the remainder when o(-16) is divided by 10.
7
Let k(p) be the first derivative of p**3/3 + 13*p**2/2 + 23*p - 17. Let x be k(-11). Calculate the remainder when x/(-3) + (-138)/(-9) is divided by 5.
0
Suppose 3*v = 10 - 1. Suppose 5*i - 5*m - 380 = 0, -99 = -5*i - 3*m + 241. Calculate the remainder when i is divided by 53/v + 3/9.
17
Suppose 7*q + 27 - 6 = 0. Let x be 2720/48 + (-1)/q. Let n = x + -40. Calculate the remainder when 65 is divided by n.
14
Suppose -76*l + 78*l - d = 599, 5*d = -2*l + 569. What is the remainder when 389 is divided by l?
92
Suppose -7 = -17*c + 61. Suppose -229 = 2*t - 5*t + c*x, 0 = 2*t - 4*x - 154. What is the remainder when t is divided by 13?
10
Let x be (4 - 12/4)/(2/(-150)). Calculate the remainder when 50 is divided by (-835)/x - -2 - 2/15.
11
Let d = -175 + 298. Let n be ((-253)/22 - -12)/(1/6). Calculate the remainder when d is divided by ((-32)/(-8))/(n + 61/(-21)).
39
Let l(d) = 7*d**2 + 3*d - 4. What is the remainder when l(-3) is divided by 8/(-10) + (-534)/(-30)?
16
What is the remainder when 90 is divided by (21/28)/(51*1/12 + -4)?
0
Suppose -269*g = -107*g - 4045140. Calculate the remainder when g is divided by 221.
218
Suppose -985 = 5*w + 5*f + 945, -1155 = 3*w + 2*f. Let j = -259 - w. Calculate the remainder when j is divided by 16.
12
Calculate the remainder when 4907 is divided by (73 - 79)/(-1 + 7/(-3) + 3).
11
Let j(r) = 6*r**2 - 4*r - 5. What is the remainder when j(5) is divided by (7 - 43)/3 + 374/(-2 - -13)?
15
Calculate the remainder when 2 - ((-2)/20 + 49195/(-50)) is divided by 165.
161
Let x = -357 - -301. Let z = x - -136. What is the remainder when z is divided by 23?
11
Calculate the remainder when 186 is divided by 32 + ((-5)/5)/(-4*6/(-72)).
12
Suppose 86*i + 16 = -5*i + 107. Suppose -5*o - 54 = 5*s - o, -5*o + 20 = 0. Let g = s - -20. What is the remainder when g is divided by i?
0
Suppose 116 = 4*z - 2*p, -p + 1927 = 2*z + 1869. Let n(h) = 14*h**2 - h + 1. Calculate the remainder when n(-4) is divided by z.
26
Let p(v) = v**3 + 10*v**2 + 9*v + 10. Let n be 20/6*((-26)/4 - -5). What is the remainder when p(n) is divided by 41?
8
Let x(w) = 21*w + 1. Suppose 0 = -f - 2*f + r + 25, 0 = 2*f + 3*r - 2. Let t be (((-28)/(-8))/f*4)/1. Calculate the remainder when x(t) is divided by 11.
10
Let u(d) = 3*d + 34. Let h be u(-6). Suppose 0 = h*t - 7 - 233. Calculate the remainder when 207 is divided by t.
12
Let o be (2/((-8)/74))/((-13)/26). Suppose f - 49 = -3*l, -l = 2*l - 2*f - o. Let t = l - -34. Calculate the remainder when t is divided by 25.
24
Calculate the remainder when 567 is divided by ((-1790)/(-40) - 8)/(2 + (-26)/16).
77
Let d(q) = -q**3 + 54*q**2 - 153*q + 46. What is the remainder when d(51) is divided by 8?
6
Let i(r) = -r + 1. Let h be i(-8). Suppose 16*l = h*l - 217. Let b = l - -58. Calculate the remainder when b is divided by 14.
13
Let q = -2040 - -2046. Calculate the remainder when 1 + (0 + -2)*-31 is divided by q.
3
Let h = 31961 - 31902. What is the remainder when 5379 is divided by h?
10
Suppose 2*r + 5*p = 319, -2*r = p - 37 - 310. What is the remainder when 877 is divided by r?
169
Let b = 90 - 56. Let d = -24 + b. Suppose -h - 150 = -4*g, g - h + 154 = 5*g. Calculate the remainder when g is divided by d.
8
Let j(u) = 5*u**3 - 20 + 30*u**2 - 4*u**3 - 10*u - 25*u**2. Calculate the remainder when 25 is divided by j(-6).
1
Suppose -9*w + 2568 = 3*o - 6*w, -4*w - 866 = -o. Let t = 1080 - o. What is the remainder when t is divided by 42?
12
Calculate the remainder when 287 is divided by 996/24 + (-1)/(-2).
35
Let c(n) = 13 - n - n + 5 - n**2 - 11. What is the remainder when 48 is divided by c(0)?
6
Let u = 568 + -390. Suppose -154 = -7*p + 70. Calculate the remainder when u is divided by p.
18
What is the remainder when 965 is divided by 88/(-12 - -16)*(-6)/(-6)*1?
19
Suppose 2*t - 23 = 5*n, 2*n = -2*t + 2 - 0. Suppose t*v = 2*w - 167 - 95, 0 = -v. Calculate the remainder when 3/12 + w/4 is divided by 12.
9
Let x(n) = 25*n**2 + 7 + 0*n**3 + 9 + 12*n**2 - 2*n**3 + 3*n + 3. Calculate the remainder when x(18) is divided by 25.
22
Let h(m) = 62*m**2 - 2*m + 2. Let i be h(2). Let y(r) = -r - 14. Let a be y(-16). Suppose -8*x = -a - i. What is the remainder when 153 is divided by x?
29
Let m(o) = -2*o**3 - 26*o + 13*o**2 + o**3 + 6*o - 17 + 3. Let l be m(12). Let q = l + 187. What is the remainder when q is divided by 13?
12
Calculate the remainder when -3 - (-112 - (-13)/(-13)) is divided by 39.
32
Let j(u) = 7*u - 2. Suppose 0 = 2*o + 6*o - 96. Calculate the remainder when j(o) is divided by 21.
19
Suppose 4*m - 5*o - 2288 = 0, o = 2*m - 3*m + 581. Calculate the remainder when m is divided by 58.
55
Suppose r + 13*r + 23*r - 1221 = 0. Let f = -51 - -69. What is the remainder when r is divided by f?
15
Let w = -146 - -336. Suppose -5*v = -2*i + w, 73 = 4*i - 2*v - 275. Calculate the remainder when 337 is divided by i.
82
Suppose 64*d = 24*d + 13360. Suppose -3*q = -0*q - 84. What is the remainder when d is divided by q?
26
Suppose -108*l + 162*l = 3078. Calculate the remainder when 24565 is divided by l.
55
Suppose -543 = 4*s - m, m + 402 = -4*s + s. Let t = s + 185. What is the remainder when 147 is divided by t?
47
Suppose -3*p - 4*c = -37, 1870*p + 85 = 1875*p - 5*c. Calculate the remainder when 1738 is divided by p.
13
Suppose -c - 259 = -3*t + 19, t - 4*c = 111. Calculate the remainder when 544 is divided by t.
89
Let h(o) = -o**3 - 2*o + 1. Let c be h(-2). Let a(l) = 2*l**2 - 290*l + 1415. What is the remainder when c/2*(-18)/(-3) is divided by a(5)?
9
Let h = 155 + 234. Let i = 649 - h. Let q = -177 + i. What is the remainder when q is divided by 21?
20
What is the remainder when (96/48)/(4/20) is divided by 1?
0
Let f = 131 + -129. Suppose -3*h = 2*h - l + 3, 0 = -f*h + l. Calculate the remainder when 64 is divided by 15 - h - (0 + (-12)/6).
10
Suppose 4693 = 7*o + 178